False
Does 7 divide 35175?
True
Is 73178 a multiple of 279?
False
Is 210 a factor of 1274156?
False
Is 873852 a multiple of 42?
True
Is 126 a factor of 9932?
False
Does 63 divide 9037?
False
Is 20 a factor of 10330844?
False
Is 391 a factor of 224825?
True
Is 1134331 a multiple of 95?
False
Is 65 a factor of 11420045?
True
Does 45 divide 208207?
False
Is 635 a factor of 2792778?
False
Does 32 divide 21562?
False
Is 9 a factor of 234882?
True
Does 27 divide 941490?
True
Is 100 a factor of 1512400?
True
Does 204 divide 13578648?
True
Is 4990094 a multiple of 25?
False
Is 529898 a multiple of 134?
False
Does 10 divide 110468?
False
Does 80 divide 1320403?
False
Is 1070351 a multiple of 4?
False
Does 14 divide 673390?
False
Is 590 a factor of 19237214?
False
Does 198 divide 541258?
False
Does 50 divide 1337007?
False
Is 168988 a multiple of 595?
False
Is 77 a factor of 272980?
False
Is 860895 a multiple of 911?
True
Is 49011 a multiple of 93?
True
Is 38 a factor of 275737?
False
Is 472634 a multiple of 17?
True
Does 13 divide 3097952?
True
Is 1217178 a multiple of 18?
True
Is 382981 a multiple of 15?
False
Is 557398 a multiple of 827?
True
Is 1659 a factor of 6443556?
True
Is 385662 a multiple of 36?
False
Does 3 divide 1073115?
True
Is 3374 a multiple of 4?
False
Does 6 divide 49112?
False
Is 27 a factor of 1048950?
True
Is 15 a factor of 91086?
False
Does 21 divide 4143909?
True
Does 13 divide 2905851?
True
Does 32 divide 4925056?
True
Is 13 a factor of 59942?
False
Is 453321 a multiple of 99?
True
Is 165833 a multiple of 10?
False
Does 115 divide 246056?
False
Does 15 divide 3616654?
False
Does 107 divide 283229?
True
Is 16 a factor of 16544?
True
Is 1640 a factor of 2186546?
False
Does 49 divide 192913?
True
Is 124969 a multiple of 142?
False
Does 31 divide 1775246?
True
Does 532 divide 298785?
False
Does 295 divide 942321?
False
Is 16 a factor of 338906?
False
Does 2 divide 14924?
True
Does 39 divide 95511?
True
Is 2242386 a multiple of 18?
True
Does 18 divide 7070?
False
Is 365 a factor of 939145?
True
Is 1551059 a multiple of 21?
False
Is 30 a factor of 47430?
True
Is 551 a factor of 115159?
True
Does 149 divide 2327788?
False
Is 2522870 a multiple of 20?
False
Does 15 divide 2768687?
False
Is 3503025 a multiple of 225?
True
Is 111257 a multiple of 40?
False
Is 25 a factor of 25529850?
True
Is 13 a factor of 4823?
True
Does 25 divide 14550?
True
Is 875470 a multiple of 710?
False
Is 21 a factor of 841897?
False
Is 18 a factor of 136048?
False
Is 623 a factor of 16654036?
True
Does 27 divide 60264?
True
Is 19 a factor of 5244340?
False
Does 17 divide 170019?
False
Does 213 divide 16221420?
False
Is 46 a factor of 665489?
False
Does 113 divide 213274?
False
Does 90 divide 1866780?
True
Is 59 a factor of 1252008?
False
Is 110 a factor of 1771330?
True
Is 30 a factor of 182120?
False
Is 8 a factor of 5992?
True
Does 887 divide 2883637?
True
Is 109485 a multiple of 14?
False
Does 3 divide 18111?
True
Is 1115 a multiple of 2?
False
Is 17 a factor of 637126?
True
Does 7 divide 402584?
True
Does 132 divide 326856?
False
Is 3126469 a multiple of 13?
False
Is 445160 a multiple of 5?
True
Does 225 divide 801675?
True
Is 15 a factor of 2733360?
True
Does 49 divide 1364413?
False
Does 11 divide 52008?
True
Does 243 divide 26944?
False
Is 15 a factor of 780225?
True
Is 8884292 a multiple of 37?
True
Is 270428 a multiple of 43?
False
Is 178 a factor of 2793532?
True
Is 154289 a multiple of 27?
False
Is 2960613 a multiple of 909?
True
Is 2870259 a multiple of 93?
True
Does 1012 divide 4227124?
True
Is 66 a factor of 235297?
False
Does 59 divide 4360492?
False
Is 20 a factor of 745948?
False
Does 34 divide 7827582?
True
Is 173177 even?
False
Does 7 divide 2651277?
False
Is 52 a factor of 90034?
False
Does 178 divide 32396?
True
Is 92316 a multiple of 3?
True
Is 1268308 a multiple of 4?
True
Does 17 divide 18158227?
True
Does 6 divide 42649?
False
Is 1282905 a multiple of 5?
True
Is 14 a factor of 3036082?
True
Is 147430 a multiple of 190?
False
Is 52972 a multiple of 2?
True
Is 15 a factor of 7160805?
True
Is 10386216 a multiple of 1243?
False
Is 302 a factor of 311060?
True
Is 3926778 a multiple of 579?
True
Is 565 a factor of 402845?
True
Does 1659 divide 233919?
True
Does 13 divide 111605?
True
Is 2247612 a multiple of 108?
False
Is 442936 a multiple of 26?
True
Is 308 a factor of 3676596?
True
Is 180 a factor of 287398?
False
Is 57 a factor of 3092?
False
Is 15801047 a multiple of 16?
False
Is 816 a factor of 132192?
True
Does 25 divide 90835?
False
Does 35 divide 93625?
True
Is 33 a factor of 75557?
False
Is 20 a factor of 690561?
False
Is 5012407 a multiple of 73?
False
Does 7 divide 16184?
True
Is 2203792 a multiple of 7?
False
Does 27 divide 21681?
True
Is 177080 a multiple of 95?
True
Is 17 a factor of 274925?
False
Is 374 a factor of 2088559?
False
Does 71 divide 739181?
True
Is 218 a factor of 19184?
True
Is 257312 a multiple of 86?
True
Is 313 a factor of 6426980?
False
Does 85 divide 1998775?
True
Is 73 a factor of 587723?
True
Is 19 a factor of 273163?
True
Is 100149 a multiple of 25?
False
Is 10 a factor of 164406?
False
Is 193 a factor of 1776564?
False
Is 767 a factor of 803657?
False
Does 170 divide 8774768?
False
Is 150 a factor of 1580931?
False
Does 108 divide 701201?
False
Is 578310 a multiple of 185?
True
Does 3 divide 60077?
False
Is 117 a factor of 5096625?
False
Is 12296398 a multiple of 266?
False
Is 35 a factor of 353710?
True
Is 19794185 a multiple of 40?
False
Does 462 divide 36498?
True
Is 16 a factor of 3338224?
True
Is 29 a factor of 3368553?
True
Does 151 divide 6228901?
True
Is 23 a factor of 2863?
False
Is 1902692 a multiple of 19?
False
Is 16 a factor of 417565?
False
Does 274 divide 188238?
True
Is 9 a factor of 113505?
False
Is 256012 a multiple of 29?
True
Does 194 divide 566674?
True
Is 410806 a multiple of 550?
False
Is 52 a factor of 15611232?
True
Is 597 a factor of 176739?
False
Does 11 divide 5166858?
False
Is 4009867 a multiple of 57?
False
Is 54 a factor of 3950712?
False
Is 25 a factor of 2069938?
False
Is 25 a factor of 527471?
False
Is 77 a factor of 2467377?
False
Is 28 a factor of 55084?
False
Is 174396 a multiple of 6?
True
Does 303 divide 1308459?
False
Is 20 a factor of 344680?
True
Does 3 divide 63015?
True
Does 75 divide 3600496?
False
Is 2 a factor of 163099?
False
Is 237 a factor of 178698?
True
Does 84 divide 64680?
True
Does 114 divide 648828?
False
Is 4599400 a multiple of 26?
True
Does 33 divide 14685?
True
Is 19 a factor of 66272?
True
Does 122 divide 188978?
True
Does 51 divide 1539231?
True
Is 81545 a multiple of 347?
True
Does 1068 divide 1990442?
False
Does 59 divide 281633?
False
Is 13 a factor of 226372?
False
Is 15 a factor of 3912024?
False
Is 30212775 a multiple of 813?
False
Does 12 divide 3819552?
True
Is 4843404 a multiple of 876?
True
Does 105 divide 502005?
True
Does 1307 divide 2402266?
True
Is 7614 a multiple of 94?
True
Is 1951783 a multiple of 435?
False
Does 17 divide 297500?
True
Is 12 a factor of 153500?
False
Is 227 a factor of 1174725?
True
Is 244 a factor of 820328?
True
Is 247756 a multiple of 144?
False
Is 13 a factor of 89744?
False
Is 25 a factor of 11475624?
False
Does 22 divide 798776?
True
Is 77406 a multiple of 38?
True
Is 200640 a multiple of 343?
False
Does 279 divide 13895928?
False
Is 50 a factor of 14284650?
True
Is 4311308 a multiple of 35?
False
Is 60 a factor of 2460?
True
Does 61 divide 6818910?
False
Does 85 divide 325465?
True
Is 30 a factor of 1594200?
True
Is 33 a factor of 12847560?
True
Does 14 divide 222628?
True
Is 217 a factor of 341208?
False
Does 20 divide 191998?
False
Does 13 divide 234741?
True
Is 44 a factor of 4237156?
True
Does 136 divide 50184?
True
Is 196 a factor of 1810452?
True
Does 17 divide 4059294?
True
Is 613 a factor of 7567485?
True
Does 3 divide 776161?
False
Is 40 a factor of 293299?
False
Is 299 a factor of 217755?
False
Is 797732 a multiple of 46?
True
Is 207221 a multiple of 39?
False
Is 52 a factor of 542256?
True
Is 453 a factor of 549678?
False
Does 7 divide 443891?
True
Is 80 a factor of 91005?
False
Is 80645 a multiple of 11?
False
Is 12 a factor of 6351?
False
Does 98 divide 117205?
False
Is 1051330 a multiple